Dec 01 21:52:28.576 INFO testing chainaccelerator/gitGraphChain against master#8940af3cea4a9a9deabcaf843b2f8cad9a83fc61 for beta-1.31-5
Dec 01 21:52:28.576 INFO running `"docker" "create" "-v" "/mnt/big/crater/work/local/target-dirs/beta-1.31-5/worker-4/master#8940af3cea4a9a9deabcaf843b2f8cad9a83fc61:/target:rw,Z" "-v" "/mnt/big/crater/work/local/test-source/worker-4/beta-1.31-5/master#8940af3cea4a9a9deabcaf843b2f8cad9a83fc61:/source:ro,Z" "-v" "/mnt/big/crater/work/local/cargo-home:/cargo-home:ro,Z" "-v" "/mnt/big/crater/work/local/rustup-home:/rustup-home:ro,Z" "-e" "USER_ID=1000" "-e" "SOURCE_DIR=/source" "-e" "USER_ID=1000" "-e" "CMD=cargo +8940af3cea4a9a9deabcaf843b2f8cad9a83fc61-alt build --frozen" "-e" "CARGO_TARGET_DIR=/target" "-e" "CARGO_INCREMENTAL=0" "-e" "RUST_BACKTRACE=full" "-e" "RUSTFLAGS=--cap-lints=warn" "-e" "CARGO_HOME=/cargo-home" "-e" "RUSTUP_HOME=/rustup-home" "-m" "1536M" "--network" "none" "crater"`
Dec 01 21:52:29.003 INFO [stdout] f00828e42962f96f475657f1e6c32f3f2a3f7e60eaabbd0a6cd57e7aa7a56cf5
Dec 01 21:52:29.005 INFO running `"docker" "start" "-a" "f00828e42962f96f475657f1e6c32f3f2a3f7e60eaabbd0a6cd57e7aa7a56cf5"`
Dec 01 21:52:30.297 INFO [stderr] usermod: no changes
Dec 01 21:52:30.480 INFO [stderr]    Compiling crypto-mac v0.7.0
Dec 01 21:52:30.811 INFO [stderr]    Compiling hmac v0.7.0
Dec 01 21:52:31.627 INFO [stderr]    Compiling gitGraphChain v0.1.0 (/source)
Dec 01 21:52:32.611 INFO [stderr] error[E0277]: the size for values of type `[u8]` cannot be known at compilation time
Dec 01 21:52:32.611 INFO [stderr]   --> src/main.rs:52:5
Dec 01 21:52:32.611 INFO [stderr]    |
Dec 01 21:52:32.611 INFO [stderr] 52 |     sender: Host,
Dec 01 21:52:32.611 INFO [stderr]    |     ^^^^^^^^^^^^ doesn't have a size known at compile-time
Dec 01 21:52:32.611 INFO [stderr]    |
Dec 01 21:52:32.611 INFO [stderr]    = help: within `Host`, the trait `std::marker::Sized` is not implemented for `[u8]`
Dec 01 21:52:32.611 INFO [stderr]    = note: to learn more, visit <https://doc.rust-lang.org/book/second-edition/ch19-04-advanced-types.html#dynamically-sized-types-and-the-sized-trait>
Dec 01 21:52:32.611 INFO [stderr]    = note: required because it appears within the type `Host`
Dec 01 21:52:32.611 INFO [stderr]    = note: only the last field of a struct may have a dynamically sized type
Dec 01 21:52:32.611 INFO [stderr] 
Dec 01 21:52:32.611 INFO [stderr] error[E0277]: the size for values of type `[u8]` cannot be known at compilation time
Dec 01 21:52:32.611 INFO [stderr]   --> src/main.rs:63:5
Dec 01 21:52:32.611 INFO [stderr]    |
Dec 01 21:52:32.611 INFO [stderr] 63 |     transactions: Option<Vec<Transaction>>,
Dec 01 21:52:32.611 INFO [stderr]    |     ^^^^^^^^^^^^^^^^^^^^^^^^^^^^^^^^^^^^^^ doesn't have a size known at compile-time
Dec 01 21:52:32.611 INFO [stderr]    |
Dec 01 21:52:32.611 INFO [stderr]    = help: within `Transaction`, the trait `std::marker::Sized` is not implemented for `[u8]`
Dec 01 21:52:32.611 INFO [stderr]    = note: to learn more, visit <https://doc.rust-lang.org/book/second-edition/ch19-04-advanced-types.html#dynamically-sized-types-and-the-sized-trait>
Dec 01 21:52:32.611 INFO [stderr]    = note: required because it appears within the type `Transaction`
Dec 01 21:52:32.611 INFO [stderr]    = note: required by `std::vec::Vec`
Dec 01 21:52:32.611 INFO [stderr] 
Dec 01 21:52:32.611 INFO [stderr] error[E0277]: the size for values of type `[u8]` cannot be known at compilation time
Dec 01 21:52:32.611 INFO [stderr]   --> src/main.rs:70:5
Dec 01 21:52:32.611 INFO [stderr]    |
Dec 01 21:52:32.611 INFO [stderr] 70 |     current_transaction: Vec<Transaction>,
Dec 01 21:52:32.611 INFO [stderr]    |     ^^^^^^^^^^^^^^^^^^^^^^^^^^^^^^^^^^^^^ doesn't have a size known at compile-time
Dec 01 21:52:32.611 INFO [stderr]    |
Dec 01 21:52:32.611 INFO [stderr]    = help: within `Transaction`, the trait `std::marker::Sized` is not implemented for `[u8]`
Dec 01 21:52:32.611 INFO [stderr]    = note: to learn more, visit <https://doc.rust-lang.org/book/second-edition/ch19-04-advanced-types.html#dynamically-sized-types-and-the-sized-trait>
Dec 01 21:52:32.611 INFO [stderr]    = note: required because it appears within the type `Transaction`
Dec 01 21:52:32.611 INFO [stderr]    = note: required by `std::vec::Vec`
Dec 01 21:52:32.611 INFO [stderr] 
Dec 01 21:52:32.611 INFO [stderr] error: aborting due to 3 previous errors
Dec 01 21:52:32.611 INFO [stderr] 
Dec 01 21:52:32.611 INFO [stderr] For more information about this error, try `rustc --explain E0277`.
Dec 01 21:52:32.630 INFO [stderr] error: Could not compile `gitGraphChain`.
Dec 01 21:52:32.631 INFO [stderr] 
Dec 01 21:52:32.631 INFO [stderr] To learn more, run the command again with --verbose.
Dec 01 21:52:32.631 INFO [stderr] su: No module specific data is present
Dec 01 21:52:33.461 INFO running `"docker" "inspect" "f00828e42962f96f475657f1e6c32f3f2a3f7e60eaabbd0a6cd57e7aa7a56cf5"`
Dec 01 21:52:33.789 INFO running `"docker" "rm" "-f" "f00828e42962f96f475657f1e6c32f3f2a3f7e60eaabbd0a6cd57e7aa7a56cf5"`
Dec 01 21:52:34.111 INFO [stdout] f00828e42962f96f475657f1e6c32f3f2a3f7e60eaabbd0a6cd57e7aa7a56cf5
